{"id":2132,"date":"2026-03-03T17:09:10","date_gmt":"2026-03-03T16:09:10","guid":{"rendered":"https:\/\/victoretrichardpro.fr\/?page_id=2132"},"modified":"2026-03-04T15:14:29","modified_gmt":"2026-03-04T14:14:29","slug":"les-oeuvres-de-victor-lucien-richard","status":"publish","type":"page","link":"https:\/\/victoretrichardpro.fr\/?page_id=2132","title":{"rendered":"Les oeuvres de Victor (Lucien) Richard"},"content":{"rendered":"\n<div style=\"height:69px\" aria-hidden=\"true\" class=\"wp-block-spacer\"><\/div>\n\n\n\n<p>Retrouvez ci-dessous quelques oeuvres du peintre Victor Richard qui a donn\u00e9 son nom \u00e0 la Place sur laquelle se situe notre agence.<\/p>\n\n\n\n<p>Cette m\u00eame place qui nous a inspir\u00e9e pour le nom de notre agence Victor &amp; Richard. <\/p>\n\n\n\n<p>Victor Lucien Richard est n\u00e9 aux Sables d&rsquo;Olonne (Vend\u00e9e) en 1848 et est mort en 1914-16 (enterr\u00e9 au cimeti\u00e8re Mis\u00e9ricorde \u00e0 Nantes). Nous sommes fiers d&rsquo;avoir \u00e0 l&rsquo;agence une de ses oeuvres retrouv\u00e9e par hasard il y a quelques ann\u00e9es sur ebay (nous en recherchons d&rsquo;autres d&rsquo;ailleurs &#8230;).<\/p>\n\n\n\n<div style=\"height:69px\" aria-hidden=\"true\" class=\"wp-block-spacer\"><\/div>\n\n\n\n<div class=\"wp-block-columns is-layout-flex wp-container-core-columns-is-layout-a5331a9e wp-block-columns-is-layout-flex\" style=\"padding-top:0;padding-right:0;padding-bottom:0;padding-left:0\">\n<div class=\"wp-block-column is-layout-flow wp-block-column-is-layout-flow\">\n<figure class=\"wp-block-image size-full\" style=\"margin-top:var(--wp--preset--spacing--30);margin-right:var(--wp--preset--spacing--30);margin-bottom:var(--wp--preset--spacing--30);margin-left:var(--wp--preset--spacing--30)\"><img loading=\"lazy\" decoding=\"async\" width=\"600\" height=\"356\" src=\"https:\/\/victoretrichardpro.fr\/wp-content\/uploads\/2026\/03\/3E02752.jpg\" alt=\"\" class=\"wp-image-2133\" srcset=\"https:\/\/victoretrichardpro.fr\/wp-content\/uploads\/2026\/03\/3E02752.jpg 600w, https:\/\/victoretrichardpro.fr\/wp-content\/uploads\/2026\/03\/3E02752-300x178.jpg 300w\" sizes=\"auto, (max-width: 600px) 100vw, 600px\" \/><figcaption class=\"wp-element-caption\">Les bords de l&rsquo;Erdre &#8211; vers 1900<\/figcaption><\/figure>\n<\/div>\n\n\n\n<div class=\"wp-block-column is-layout-flow wp-block-column-is-layout-flow\">\n<figure class=\"wp-block-image aligncenter size-full is-resized\" style=\"margin-top:var(--wp--preset--spacing--30);margin-right:var(--wp--preset--spacing--30);margin-bottom:var(--wp--preset--spacing--30);margin-left:var(--wp--preset--spacing--30)\"><img loading=\"lazy\" decoding=\"async\" width=\"600\" height=\"369\" src=\"https:\/\/victoretrichardpro.fr\/wp-content\/uploads\/2026\/03\/3E02754.jpg\" alt=\"\" class=\"wp-image-2134\" style=\"aspect-ratio:1.6261193495236048;width:354px;height:auto\" srcset=\"https:\/\/victoretrichardpro.fr\/wp-content\/uploads\/2026\/03\/3E02754.jpg 600w, https:\/\/victoretrichardpro.fr\/wp-content\/uploads\/2026\/03\/3E02754-300x185.jpg 300w\" sizes=\"auto, (max-width: 600px) 100vw, 600px\" \/><figcaption class=\"wp-element-caption\">La c\u00f4te entre le Croisic et Piriac<\/figcaption><\/figure>\n<\/div>\n\n\n\n<div class=\"wp-block-column is-layout-flow wp-block-column-is-layout-flow\">\n<figure class=\"wp-block-image size-full\" style=\"margin-top:var(--wp--preset--spacing--30);margin-right:var(--wp--preset--spacing--30);margin-bottom:var(--wp--preset--spacing--30);margin-left:var(--wp--preset--spacing--30)\"><img loading=\"lazy\" decoding=\"async\" width=\"600\" height=\"354\" src=\"https:\/\/victoretrichardpro.fr\/wp-content\/uploads\/2026\/03\/3E02755.jpg\" alt=\"\" class=\"wp-image-2135\" srcset=\"https:\/\/victoretrichardpro.fr\/wp-content\/uploads\/2026\/03\/3E02755.jpg 600w, https:\/\/victoretrichardpro.fr\/wp-content\/uploads\/2026\/03\/3E02755-300x177.jpg 300w\" sizes=\"auto, (max-width: 600px) 100vw, 600px\" \/><figcaption class=\"wp-element-caption\">Prairie de Mauves \u00e0 Nantes &#8211; vers 1915<\/figcaption><\/figure>\n<\/div>\n<\/div>\n\n\n\n<div style=\"height:36px\" aria-hidden=\"true\" class=\"wp-block-spacer\"><\/div>\n\n\n\n<div class=\"wp-block-columns is-layout-flex wp-container-core-columns-is-layout-a5331a9e wp-block-columns-is-layout-flex\" style=\"padding-top:0;padding-right:0;padding-bottom:0;padding-left:0\">\n<div class=\"wp-block-column is-layout-flow wp-block-column-is-layout-flow\">\n<figure class=\"wp-block-image size-full\" style=\"margin-top:var(--wp--preset--spacing--30);margin-right:var(--wp--preset--spacing--30);margin-bottom:var(--wp--preset--spacing--30);margin-left:var(--wp--preset--spacing--30)\"><img loading=\"lazy\" decoding=\"async\" width=\"400\" height=\"266\" src=\"https:\/\/victoretrichardpro.fr\/wp-content\/uploads\/2026\/03\/2M05437.jpg\" alt=\"\" class=\"wp-image-2136\" srcset=\"https:\/\/victoretrichardpro.fr\/wp-content\/uploads\/2026\/03\/2M05437.jpg 400w, https:\/\/victoretrichardpro.fr\/wp-content\/uploads\/2026\/03\/2M05437-300x200.jpg 300w\" sizes=\"auto, (max-width: 400px) 100vw, 400px\" \/><figcaption class=\"wp-element-caption\">Vue \u00e0 Beauvoir-sur-Mer (Vend\u00e9e)<\/figcaption><\/figure>\n<\/div>\n\n\n\n<div class=\"wp-block-column is-layout-flow wp-block-column-is-layout-flow\">\n<figure class=\"wp-block-image aligncenter size-full is-resized\" style=\"margin-top:var(--wp--preset--spacing--30);margin-right:var(--wp--preset--spacing--30);margin-bottom:var(--wp--preset--spacing--30);margin-left:var(--wp--preset--spacing--30)\"><img loading=\"lazy\" decoding=\"async\" width=\"600\" height=\"347\" src=\"https:\/\/victoretrichardpro.fr\/wp-content\/uploads\/2026\/03\/3E02757.jpg\" alt=\"\" class=\"wp-image-2137\" style=\"aspect-ratio:1.6261193495236048;width:354px;height:auto\" srcset=\"https:\/\/victoretrichardpro.fr\/wp-content\/uploads\/2026\/03\/3E02757.jpg 600w, https:\/\/victoretrichardpro.fr\/wp-content\/uploads\/2026\/03\/3E02757-300x174.jpg 300w\" sizes=\"auto, (max-width: 600px) 100vw, 600px\" \/><figcaption class=\"wp-element-caption\">Nantes vue des hauteurs de Rez\u00e9 &#8211; vers 1900<\/figcaption><\/figure>\n<\/div>\n\n\n\n<div class=\"wp-block-column is-layout-flow wp-block-column-is-layout-flow\">\n<figure class=\"wp-block-image size-full\" style=\"margin-top:var(--wp--preset--spacing--30);margin-right:var(--wp--preset--spacing--30);margin-bottom:var(--wp--preset--spacing--30);margin-left:var(--wp--preset--spacing--30)\"><img loading=\"lazy\" decoding=\"async\" width=\"600\" height=\"357\" src=\"https:\/\/victoretrichardpro.fr\/wp-content\/uploads\/2026\/03\/5D27529.jpg\" alt=\"\" class=\"wp-image-2138\" srcset=\"https:\/\/victoretrichardpro.fr\/wp-content\/uploads\/2026\/03\/5D27529.jpg 600w, https:\/\/victoretrichardpro.fr\/wp-content\/uploads\/2026\/03\/5D27529-300x179.jpg 300w\" sizes=\"auto, (max-width: 600px) 100vw, 600px\" \/><figcaption class=\"wp-element-caption\">Le Grand Moulin d&rsquo;Antigny &#8211; avant 1900<\/figcaption><\/figure>\n<\/div>\n<\/div>\n\n\n\n<div style=\"height:36px\" aria-hidden=\"true\" class=\"wp-block-spacer\"><\/div>\n\n\n\n<div class=\"wp-block-columns is-layout-flex wp-container-core-columns-is-layout-a5331a9e wp-block-columns-is-layout-flex\" style=\"padding-top:0;padding-right:0;padding-bottom:0;padding-left:0\">\n<div class=\"wp-block-column is-layout-flow wp-block-column-is-layout-flow\">\n<figure class=\"wp-block-image aligncenter size-full\" style=\"margin-top:var(--wp--preset--spacing--30);margin-right:var(--wp--preset--spacing--30);margin-bottom:var(--wp--preset--spacing--30);margin-left:var(--wp--preset--spacing--30)\"><img loading=\"lazy\" decoding=\"async\" width=\"281\" height=\"400\" src=\"https:\/\/victoretrichardpro.fr\/wp-content\/uploads\/2026\/03\/2M08702.jpg\" alt=\"\" class=\"wp-image-2139\" srcset=\"https:\/\/victoretrichardpro.fr\/wp-content\/uploads\/2026\/03\/2M08702.jpg 281w, https:\/\/victoretrichardpro.fr\/wp-content\/uploads\/2026\/03\/2M08702-211x300.jpg 211w\" sizes=\"auto, (max-width: 281px) 100vw, 281px\" \/><figcaption class=\"wp-element-caption\">Arbres en fleurs<\/figcaption><\/figure>\n<\/div>\n\n\n\n<div class=\"wp-block-column is-layout-flow wp-block-column-is-layout-flow\">\n<figure class=\"wp-block-image aligncenter size-full is-resized\" style=\"margin-top:var(--wp--preset--spacing--30);margin-right:var(--wp--preset--spacing--30);margin-bottom:var(--wp--preset--spacing--30);margin-left:var(--wp--preset--spacing--30)\"><img loading=\"lazy\" decoding=\"async\" width=\"400\" height=\"293\" src=\"https:\/\/victoretrichardpro.fr\/wp-content\/uploads\/2026\/03\/2M08700.jpg\" alt=\"\" class=\"wp-image-2140\" style=\"aspect-ratio:1.6261193495236048;width:354px;height:auto\" srcset=\"https:\/\/victoretrichardpro.fr\/wp-content\/uploads\/2026\/03\/2M08700.jpg 400w, https:\/\/victoretrichardpro.fr\/wp-content\/uploads\/2026\/03\/2M08700-300x220.jpg 300w\" sizes=\"auto, (max-width: 400px) 100vw, 400px\" \/><figcaption class=\"wp-element-caption\">Nature-morte \u00e0 la poup\u00e9e &#8211; 1896<\/figcaption><\/figure>\n<\/div>\n\n\n\n<div class=\"wp-block-column is-layout-flow wp-block-column-is-layout-flow\">\n<figure class=\"wp-block-image size-full\" style=\"margin-top:var(--wp--preset--spacing--30);margin-right:var(--wp--preset--spacing--30);margin-bottom:var(--wp--preset--spacing--30);margin-left:var(--wp--preset--spacing--30)\"><img loading=\"lazy\" decoding=\"async\" width=\"600\" height=\"359\" src=\"https:\/\/victoretrichardpro.fr\/wp-content\/uploads\/2026\/03\/3E02753.jpg\" alt=\"\" class=\"wp-image-2141\" srcset=\"https:\/\/victoretrichardpro.fr\/wp-content\/uploads\/2026\/03\/3E02753.jpg 600w, https:\/\/victoretrichardpro.fr\/wp-content\/uploads\/2026\/03\/3E02753-300x180.jpg 300w\" sizes=\"auto, (max-width: 600px) 100vw, 600px\" \/><figcaption class=\"wp-element-caption\">Vue de Saint S\u00e9bastien vers Nantes &#8211; vers 1900<\/figcaption><\/figure>\n<\/div>\n<\/div>\n\n\n\n<div style=\"height:36px\" aria-hidden=\"true\" class=\"wp-block-spacer\"><\/div>\n\n\n\n<div class=\"wp-block-columns is-layout-flex wp-container-core-columns-is-layout-a5331a9e wp-block-columns-is-layout-flex\" style=\"padding-top:0;padding-right:0;padding-bottom:0;padding-left:0\">\n<div class=\"wp-block-column is-layout-flow wp-block-column-is-layout-flow\">\n<figure class=\"wp-block-image size-full\" style=\"margin-top:var(--wp--preset--spacing--30);margin-right:var(--wp--preset--spacing--30);margin-bottom:var(--wp--preset--spacing--30);margin-left:var(--wp--preset--spacing--30)\"><img loading=\"lazy\" decoding=\"async\" width=\"600\" height=\"375\" src=\"https:\/\/victoretrichardpro.fr\/wp-content\/uploads\/2026\/03\/3E02758.jpg\" alt=\"\" class=\"wp-image-2142\" srcset=\"https:\/\/victoretrichardpro.fr\/wp-content\/uploads\/2026\/03\/3E02758.jpg 600w, https:\/\/victoretrichardpro.fr\/wp-content\/uploads\/2026\/03\/3E02758-300x188.jpg 300w\" sizes=\"auto, (max-width: 600px) 100vw, 600px\" \/><figcaption class=\"wp-element-caption\">La prairie d&rsquo;Amont \u00e0 Nantes &#8211; avant 1898<\/figcaption><\/figure>\n<\/div>\n\n\n\n<div class=\"wp-block-column is-layout-flow wp-block-column-is-layout-flow\">\n<figure class=\"wp-block-image aligncenter size-full is-resized\" style=\"margin-top:var(--wp--preset--spacing--30);margin-right:var(--wp--preset--spacing--30);margin-bottom:var(--wp--preset--spacing--30);margin-left:var(--wp--preset--spacing--30)\"><img loading=\"lazy\" decoding=\"async\" width=\"400\" height=\"295\" src=\"https:\/\/victoretrichardpro.fr\/wp-content\/uploads\/2026\/03\/2M08906.jpg\" alt=\"\" class=\"wp-image-2144\" style=\"aspect-ratio:1.6261193495236048;width:354px;height:auto\" srcset=\"https:\/\/victoretrichardpro.fr\/wp-content\/uploads\/2026\/03\/2M08906.jpg 400w, https:\/\/victoretrichardpro.fr\/wp-content\/uploads\/2026\/03\/2M08906-300x221.jpg 300w\" sizes=\"auto, (max-width: 400px) 100vw, 400px\" \/><figcaption class=\"wp-element-caption\">Beauvoir-sur-mer (Vend\u00e9e)<\/figcaption><\/figure>\n<\/div>\n\n\n\n<div class=\"wp-block-column is-vertically-aligned-top is-layout-flow wp-block-column-is-layout-flow\">\n<figure class=\"wp-block-image size-full\" style=\"margin-top:var(--wp--preset--spacing--30);margin-right:var(--wp--preset--spacing--30);margin-bottom:var(--wp--preset--spacing--30);margin-left:var(--wp--preset--spacing--30)\"><img loading=\"lazy\" decoding=\"async\" width=\"570\" height=\"330\" src=\"https:\/\/victoretrichardpro.fr\/wp-content\/uploads\/2026\/03\/ba2717ba-df6d-4ba1-bd38-48a71234a562_570.jpg\" alt=\"\" class=\"wp-image-2148\" srcset=\"https:\/\/victoretrichardpro.fr\/wp-content\/uploads\/2026\/03\/ba2717ba-df6d-4ba1-bd38-48a71234a562_570.jpg 570w, https:\/\/victoretrichardpro.fr\/wp-content\/uploads\/2026\/03\/ba2717ba-df6d-4ba1-bd38-48a71234a562_570-300x174.jpg 300w\" sizes=\"auto, (max-width: 570px) 100vw, 570px\" \/><figcaption class=\"wp-element-caption\">Paysage du Sud<\/figcaption><\/figure>\n<\/div>\n<\/div>\n\n\n\n<div style=\"height:36px\" aria-hidden=\"true\" class=\"wp-block-spacer\"><\/div>\n\n\n\n<div class=\"wp-block-columns is-layout-flex wp-container-core-columns-is-layout-a5331a9e wp-block-columns-is-layout-flex\" style=\"padding-top:0;padding-right:0;padding-bottom:0;padding-left:0\">\n<div class=\"wp-block-column is-layout-flow wp-block-column-is-layout-flow\">\n<figure class=\"wp-block-image size-full\" style=\"margin-top:var(--wp--preset--spacing--30);margin-right:var(--wp--preset--spacing--30);margin-bottom:var(--wp--preset--spacing--30);margin-left:var(--wp--preset--spacing--30)\"><img loading=\"lazy\" decoding=\"async\" width=\"570\" height=\"428\" src=\"https:\/\/victoretrichardpro.fr\/wp-content\/uploads\/2026\/03\/f64bd3ce-6d3a-4c03-adf5-ea33653a153e_570.jpg\" alt=\"\" class=\"wp-image-2149\" srcset=\"https:\/\/victoretrichardpro.fr\/wp-content\/uploads\/2026\/03\/f64bd3ce-6d3a-4c03-adf5-ea33653a153e_570.jpg 570w, https:\/\/victoretrichardpro.fr\/wp-content\/uploads\/2026\/03\/f64bd3ce-6d3a-4c03-adf5-ea33653a153e_570-300x225.jpg 300w\" sizes=\"auto, (max-width: 570px) 100vw, 570px\" \/><figcaption class=\"wp-element-caption\">Les marre salant de Beauvoir-sur-mer<\/figcaption><\/figure>\n<\/div>\n\n\n\n<div class=\"wp-block-column is-layout-flow wp-block-column-is-layout-flow\">\n<figure class=\"wp-block-image aligncenter size-full is-resized\" style=\"margin-top:var(--wp--preset--spacing--30);margin-right:var(--wp--preset--spacing--30);margin-bottom:var(--wp--preset--spacing--30);margin-left:var(--wp--preset--spacing--30)\"><img loading=\"lazy\" decoding=\"async\" width=\"1280\" height=\"779\" src=\"https:\/\/victoretrichardpro.fr\/wp-content\/uploads\/2026\/03\/Lucien_Victor_Richard-Saille.jpg\" alt=\"\" class=\"wp-image-2150\" style=\"aspect-ratio:1.6261193495236048;width:354px;height:auto\" srcset=\"https:\/\/victoretrichardpro.fr\/wp-content\/uploads\/2026\/03\/Lucien_Victor_Richard-Saille.jpg 1280w, https:\/\/victoretrichardpro.fr\/wp-content\/uploads\/2026\/03\/Lucien_Victor_Richard-Saille-300x183.jpg 300w, https:\/\/victoretrichardpro.fr\/wp-content\/uploads\/2026\/03\/Lucien_Victor_Richard-Saille-1024x623.jpg 1024w, https:\/\/victoretrichardpro.fr\/wp-content\/uploads\/2026\/03\/Lucien_Victor_Richard-Saille-768x467.jpg 768w\" sizes=\"auto, (max-width: 1280px) 100vw, 1280px\" \/><figcaption class=\"wp-element-caption\">Le pays du Sel, Saill\u00e9 &#8211; vers 1904<\/figcaption><\/figure>\n<\/div>\n\n\n\n<div class=\"wp-block-column is-vertically-aligned-top is-layout-flow wp-block-column-is-layout-flow\">\n<figure class=\"wp-block-image size-full\" style=\"margin-top:var(--wp--preset--spacing--30);margin-right:var(--wp--preset--spacing--30);margin-bottom:var(--wp--preset--spacing--30);margin-left:var(--wp--preset--spacing--30)\"><img loading=\"lazy\" decoding=\"async\" width=\"502\" height=\"380\" src=\"https:\/\/victoretrichardpro.fr\/wp-content\/uploads\/2026\/03\/regate-sur-l-erdre-DIR8Y-570-1.jpg\" alt=\"\" class=\"wp-image-2165\" srcset=\"https:\/\/victoretrichardpro.fr\/wp-content\/uploads\/2026\/03\/regate-sur-l-erdre-DIR8Y-570-1.jpg 502w, https:\/\/victoretrichardpro.fr\/wp-content\/uploads\/2026\/03\/regate-sur-l-erdre-DIR8Y-570-1-300x227.jpg 300w\" sizes=\"auto, (max-width: 502px) 100vw, 502px\" \/><figcaption class=\"wp-element-caption\">Regate sur l&rsquo;Erdre<\/figcaption><\/figure>\n<\/div>\n<\/div>\n\n\n\n<div style=\"height:36px\" aria-hidden=\"true\" class=\"wp-block-spacer\"><\/div>\n\n\n\n<div class=\"wp-block-columns is-layout-flex wp-container-core-columns-is-layout-a5331a9e wp-block-columns-is-layout-flex\" style=\"padding-top:0;padding-right:0;padding-bottom:0;padding-left:0\">\n<div class=\"wp-block-column is-vertically-aligned-top is-layout-flow wp-block-column-is-layout-flow\">\n<figure class=\"wp-block-image aligncenter size-full\" style=\"margin-top:var(--wp--preset--spacing--30);margin-right:var(--wp--preset--spacing--30);margin-bottom:var(--wp--preset--spacing--30);margin-left:var(--wp--preset--spacing--30)\"><img loading=\"lazy\" decoding=\"async\" width=\"512\" height=\"384\" src=\"https:\/\/victoretrichardpro.fr\/wp-content\/uploads\/2026\/03\/unnamed.jpg\" alt=\"\" class=\"wp-image-2152\" srcset=\"https:\/\/victoretrichardpro.fr\/wp-content\/uploads\/2026\/03\/unnamed.jpg 512w, https:\/\/victoretrichardpro.fr\/wp-content\/uploads\/2026\/03\/unnamed-300x225.jpg 300w\" sizes=\"auto, (max-width: 512px) 100vw, 512px\" \/><figcaption class=\"wp-element-caption\"><strong>La Ch\u00e2taigneraie &#8211; expos\u00e9e \u00e0 <\/strong><br><strong>l&rsquo;agence VICTOR ET RICHARD<\/strong><\/figcaption><\/figure>\n<\/div>\n\n\n\n<div class=\"wp-block-column is-vertically-aligned-center is-layout-flow wp-block-column-is-layout-flow\">\n<figure class=\"wp-block-image aligncenter size-full\" style=\"margin-top:var(--wp--preset--spacing--30);margin-right:var(--wp--preset--spacing--30);margin-bottom:var(--wp--preset--spacing--30);margin-left:var(--wp--preset--spacing--30)\"><img loading=\"lazy\" decoding=\"async\" width=\"459\" height=\"352\" src=\"https:\/\/victoretrichardpro.fr\/wp-content\/uploads\/2026\/03\/unnamed-1.jpg\" alt=\"\" class=\"wp-image-2167\" srcset=\"https:\/\/victoretrichardpro.fr\/wp-content\/uploads\/2026\/03\/unnamed-1.jpg 459w, https:\/\/victoretrichardpro.fr\/wp-content\/uploads\/2026\/03\/unnamed-1-300x230.jpg 300w\" sizes=\"auto, (max-width: 459px) 100vw, 459px\" \/><figcaption class=\"wp-element-caption\">Vue depuis la plage<\/figcaption><\/figure>\n<\/div>\n\n\n\n<div class=\"wp-block-column is-layout-flow wp-block-column-is-layout-flow\">\n<figure class=\"wp-block-image size-full\" style=\"margin-top:var(--wp--preset--spacing--30);margin-right:var(--wp--preset--spacing--30);margin-bottom:var(--wp--preset--spacing--30);margin-left:var(--wp--preset--spacing--30)\"><img loading=\"lazy\" decoding=\"async\" width=\"1000\" height=\"662\" src=\"https:\/\/victoretrichardpro.fr\/wp-content\/uploads\/2026\/03\/2M00325.jpg\" alt=\"\" class=\"wp-image-2174\" srcset=\"https:\/\/victoretrichardpro.fr\/wp-content\/uploads\/2026\/03\/2M00325.jpg 1000w, https:\/\/victoretrichardpro.fr\/wp-content\/uploads\/2026\/03\/2M00325-300x199.jpg 300w, https:\/\/victoretrichardpro.fr\/wp-content\/uploads\/2026\/03\/2M00325-768x508.jpg 768w\" sizes=\"auto, (max-width: 1000px) 100vw, 1000px\" \/><figcaption class=\"wp-element-caption\">Champ de manoeuvres. Camp des Anglais<\/figcaption><\/figure>\n<\/div>\n<\/div>\n\n\n\n<div style=\"height:36px\" aria-hidden=\"true\" class=\"wp-block-spacer\"><\/div>\n","protected":false},"excerpt":{"rendered":"<p>Retrouvez ci-dessous quelques oeuvres du peintre Victor Richard qui a donn\u00e9 son nom \u00e0 la Place sur laquelle se situe notre agence. Cette m\u00eame place qui nous a inspir\u00e9e pour le nom de notre agence Victor &amp; Richard. Victor Lucien Richard est n\u00e9 aux Sables d&rsquo;Olonne (Vend\u00e9e) en 1848 et est mort en 1914-16 (enterr\u00e9 [&hellip;]<\/p>\n","protected":false},"author":1,"featured_media":0,"parent":0,"menu_order":0,"comment_status":"closed","ping_status":"closed","template":"","meta":{"footnotes":""},"class_list":["post-2132","page","type-page","status-publish","hentry"],"_links":{"self":[{"href":"https:\/\/victoretrichardpro.fr\/index.php?rest_route=\/wp\/v2\/pages\/2132","targetHints":{"allow":["GET"]}}],"collection":[{"href":"https:\/\/victoretrichardpro.fr\/index.php?rest_route=\/wp\/v2\/pages"}],"about":[{"href":"https:\/\/victoretrichardpro.fr\/index.php?rest_route=\/wp\/v2\/types\/page"}],"author":[{"embeddable":true,"href":"https:\/\/victoretrichardpro.fr\/index.php?rest_route=\/wp\/v2\/users\/1"}],"replies":[{"embeddable":true,"href":"https:\/\/victoretrichardpro.fr\/index.php?rest_route=%2Fwp%2Fv2%2Fcomments&post=2132"}],"version-history":[{"count":20,"href":"https:\/\/victoretrichardpro.fr\/index.php?rest_route=\/wp\/v2\/pages\/2132\/revisions"}],"predecessor-version":[{"id":2183,"href":"https:\/\/victoretrichardpro.fr\/index.php?rest_route=\/wp\/v2\/pages\/2132\/revisions\/2183"}],"wp:attachment":[{"href":"https:\/\/victoretrichardpro.fr\/index.php?rest_route=%2Fwp%2Fv2%2Fmedia&parent=2132"}],"curies":[{"name":"wp","href":"https:\/\/api.w.org\/{rel}","templated":true}]}}