{"id":1989,"date":"2026-02-24T15:14:02","date_gmt":"2026-02-24T14:14:02","guid":{"rendered":"https:\/\/victoretrichardpro.fr\/?page_id=1989"},"modified":"2026-02-25T15:10:50","modified_gmt":"2026-02-25T14:10:50","slug":"un-cadeau-vous-attend","status":"publish","type":"page","link":"https:\/\/victoretrichardpro.fr\/?page_id=1989","title":{"rendered":"Un cadeau vous attend au Saint-Do."},"content":{"rendered":"\n<div style=\"height:40px\" aria-hidden=\"true\" class=\"wp-block-spacer\"><\/div>\n\n\n\n<p>Vous avez achet\u00e9 ou vendu par l&rsquo;interm\u00e9diaire de notre agence. <\/p>\n\n\n\n<p>Nous vous avons remis \u00e0 la signature une carte \u00ab\u00a0Mon Bien\u00a0\u00bb dans sa pochette cartonn\u00e9e. <\/p>\n\n\n\n<div style=\"height:40px\" aria-hidden=\"true\" class=\"wp-block-spacer\"><\/div>\n\n\n\n<p>1 &#8211; Rendez vous chez nos amis du SAINT-DO, <a href=\"https:\/\/www.google.com\/maps\/dir\/\/120+Rue+G%C3%A9n%C3%A9ral+Buat,+44000+Nantes\/data=!4m6!4m5!1m1!4e2!1m2!1m1!1s0x4805ee93620e2627:0xd2065742ed2520f?sa=X&amp;ved=1t:707&amp;ictx=111\">120 Rue du G\u00e9n\u00e9ral Buat \u00e0 Nantes<\/a>,<\/p>\n\n\n\n<p>2 &#8211; Conservez la carte pr\u00e9cieusement et remettez la pochette \u00e0 Alexandra ou Anthony,<\/p>\n\n\n\n<p>3 &#8211; Profitez de notre cadeau.<\/p>\n\n\n\n<div style=\"height:40px\" aria-hidden=\"true\" class=\"wp-block-spacer\"><\/div>\n\n\n\n<p><em>Une seule condition : pensez \u00e0 d\u00e9poser un avis sur notre agence sur <a href=\"https:\/\/evaluate.immodvisor.com\/authentication\"><strong>Immodvisor<\/strong><\/a> ou <a href=\"https:\/\/g.page\/r\/CaOxQkmriFcsEBM\/review\"><strong>Google<\/strong><\/a>.<\/em><\/p>\n\n\n\n<div style=\"height:40px\" aria-hidden=\"true\" class=\"wp-block-spacer\"><\/div>\n\n\n\n<div class=\"wp-block-columns is-not-stacked-on-mobile is-layout-flex wp-container-core-columns-is-layout-28f84493 wp-block-columns-is-layout-flex\">\n<div class=\"wp-block-column is-vertically-aligned-center is-layout-flow wp-block-column-is-layout-flow\" style=\"flex-basis:50%\">\n<figure class=\"wp-block-image aligncenter size-full is-resized is-style-default\" style=\"margin-right:var(--wp--preset--spacing--30);margin-left:var(--wp--preset--spacing--30)\"><img loading=\"lazy\" decoding=\"async\" width=\"630\" height=\"354\" src=\"https:\/\/victoretrichardpro.fr\/wp-content\/uploads\/2026\/02\/image-2.png\" alt=\"\" class=\"wp-image-1992\" style=\"aspect-ratio:1.7797395718384463;object-fit:cover;width:500px\" srcset=\"https:\/\/victoretrichardpro.fr\/wp-content\/uploads\/2026\/02\/image-2.png 630w, https:\/\/victoretrichardpro.fr\/wp-content\/uploads\/2026\/02\/image-2-300x169.png 300w\" sizes=\"auto, (max-width: 630px) 100vw, 630px\" \/><\/figure>\n<\/div>\n\n\n\n<div class=\"wp-block-column is-vertically-aligned-center is-layout-flow wp-block-column-is-layout-flow\" style=\"padding-right:var(--wp--preset--spacing--30);padding-left:var(--wp--preset--spacing--30);flex-basis:50%\">\n<figure class=\"wp-block-image aligncenter size-full is-resized is-style-default\" style=\"margin-top:var(--wp--preset--spacing--30);margin-bottom:var(--wp--preset--spacing--30)\"><img loading=\"lazy\" decoding=\"async\" width=\"735\" height=\"720\" src=\"https:\/\/victoretrichardpro.fr\/wp-content\/uploads\/2026\/02\/Presentation1.jpg\" alt=\"\" class=\"wp-image-1996\" style=\"aspect-ratio:1.0208380456910202;object-fit:cover;width:250px\" srcset=\"https:\/\/victoretrichardpro.fr\/wp-content\/uploads\/2026\/02\/Presentation1.jpg 735w, https:\/\/victoretrichardpro.fr\/wp-content\/uploads\/2026\/02\/Presentation1-300x294.jpg 300w\" sizes=\"auto, (max-width: 735px) 100vw, 735px\" \/><\/figure>\n<\/div>\n<\/div>\n\n\n\n<div style=\"height:100px\" aria-hidden=\"true\" class=\"wp-block-spacer\"><\/div>\n\n\n\n<figure class=\"wp-block-image aligncenter size-large is-resized\"><a href=\"https:\/\/www.instagram.com\/le_saintdo\"><img loading=\"lazy\" decoding=\"async\" width=\"1024\" height=\"1024\" src=\"https:\/\/victoretrichardpro.fr\/wp-content\/uploads\/2026\/02\/Instagram_icon-1024x1024.png\" alt=\"\" class=\"wp-image-2000\" style=\"width:120px\" srcset=\"https:\/\/victoretrichardpro.fr\/wp-content\/uploads\/2026\/02\/Instagram_icon-1024x1024.png 1024w, https:\/\/victoretrichardpro.fr\/wp-content\/uploads\/2026\/02\/Instagram_icon-300x300.png 300w, https:\/\/victoretrichardpro.fr\/wp-content\/uploads\/2026\/02\/Instagram_icon-150x150.png 150w, https:\/\/victoretrichardpro.fr\/wp-content\/uploads\/2026\/02\/Instagram_icon-768x768.png 768w, https:\/\/victoretrichardpro.fr\/wp-content\/uploads\/2026\/02\/Instagram_icon-1536x1536.png 1536w, https:\/\/victoretrichardpro.fr\/wp-content\/uploads\/2026\/02\/Instagram_icon-2048x2048.png 2048w\" sizes=\"auto, (max-width: 1024px) 100vw, 1024px\" \/><\/a><figcaption class=\"wp-element-caption\">Consultez leur page Instagram ET SUIVEZ LES !<\/figcaption><\/figure>\n\n\n\n<p><\/p>\n","protected":false},"excerpt":{"rendered":"<p>Vous avez achet\u00e9 ou vendu par l&rsquo;interm\u00e9diaire de notre agence. Nous vous avons remis \u00e0 la signature une carte \u00ab\u00a0Mon Bien\u00a0\u00bb dans sa pochette cartonn\u00e9e. 1 &#8211; Rendez vous chez nos amis du SAINT-DO, 120 Rue du G\u00e9n\u00e9ral Buat \u00e0 Nantes, 2 &#8211; Conservez la carte pr\u00e9cieusement et remettez la pochette \u00e0 Alexandra ou Anthony, [&hellip;]<\/p>\n","protected":false},"author":1,"featured_media":0,"parent":0,"menu_order":0,"comment_status":"closed","ping_status":"closed","template":"","meta":{"footnotes":""},"class_list":["post-1989","page","type-page","status-publish","hentry"],"_links":{"self":[{"href":"https:\/\/victoretrichardpro.fr\/index.php?rest_route=\/wp\/v2\/pages\/1989","targetHints":{"allow":["GET"]}}],"collection":[{"href":"https:\/\/victoretrichardpro.fr\/index.php?rest_route=\/wp\/v2\/pages"}],"about":[{"href":"https:\/\/victoretrichardpro.fr\/index.php?rest_route=\/wp\/v2\/types\/page"}],"author":[{"embeddable":true,"href":"https:\/\/victoretrichardpro.fr\/index.php?rest_route=\/wp\/v2\/users\/1"}],"replies":[{"embeddable":true,"href":"https:\/\/victoretrichardpro.fr\/index.php?rest_route=%2Fwp%2Fv2%2Fcomments&post=1989"}],"version-history":[{"count":21,"href":"https:\/\/victoretrichardpro.fr\/index.php?rest_route=\/wp\/v2\/pages\/1989\/revisions"}],"predecessor-version":[{"id":2084,"href":"https:\/\/victoretrichardpro.fr\/index.php?rest_route=\/wp\/v2\/pages\/1989\/revisions\/2084"}],"wp:attachment":[{"href":"https:\/\/victoretrichardpro.fr\/index.php?rest_route=%2Fwp%2Fv2%2Fmedia&parent=1989"}],"curies":[{"name":"wp","href":"https:\/\/api.w.org\/{rel}","templated":true}]}}