{"id":1610,"date":"2024-05-22T23:25:02","date_gmt":"2024-05-22T21:25:02","guid":{"rendered":"https:\/\/victoretrichardpro.fr\/?page_id=1610"},"modified":"2026-03-18T11:14:33","modified_gmt":"2026-03-18T10:14:33","slug":"nos-packs-locatifs","status":"publish","type":"page","link":"https:\/\/victoretrichardpro.fr\/?page_id=1610","title":{"rendered":"Offre Investisseurs"},"content":{"rendered":"\n<div style=\"height:30px\" aria-hidden=\"true\" class=\"wp-block-spacer\"><\/div>\n\n\n\n<p>Vous venez d&rsquo;acheter un appartement ou une maison dans un but locatif ou avez un projet d&rsquo;investissement ?<\/p>\n\n\n\n<p>Nous avons pr\u00e9vu une offre compl\u00e8te de service pour vous faciliter ce projet et anticiper toutes les questions techniques, fiscales, commerciales et adminstratives \u00e0 venir.<\/p>\n\n\n\n<p>Contactez notre (ou nos)  partenaire(s) sp\u00e9cialiste(s) de l&rsquo;immobilier locatif en fonction de vos besoins.<\/p>\n\n\n\n<p><strong>Services \u00e0 la carte.<\/strong><\/p>\n\n\n\n<div style=\"height:40px\" aria-hidden=\"true\" class=\"wp-block-spacer\"><\/div>\n\n\n\n<p><mark style=\"background-color:#fdff1d\" class=\"has-inline-color\"><strong>GESTION DE PATRIMOINE  <\/strong><\/mark><\/p>\n\n\n\n<div style=\"height:20px\" aria-hidden=\"true\" class=\"wp-block-spacer\"><\/div>\n\n\n\n<p><strong>Beno\u00eet FONTENIT <\/strong>Soci\u00e9t\u00e9 ORIFAB &#8211; conseiller en Investissements &#8211; contact : 06 23 20 23 79 <a href=\"mailto:benoit.fontenit@orifab.fr\">benoit.fontenit@orifab.fr<\/a> &#8211; <a href=\"http:\/\/www.orifab.fr\">www.orifab.fr<\/a><\/p>\n\n\n\n<div style=\"height:30px\" aria-hidden=\"true\" class=\"wp-block-spacer\"><\/div>\n\n\n\n<p>S\u00e9verine LECORRS<strong> LV PATRIMOINE<\/strong> 06 81 83 19 34 <\/p>\n\n\n\n<div style=\"height:60px\" aria-hidden=\"true\" class=\"wp-block-spacer\"><\/div>\n\n\n\n<p><mark style=\"background-color:#fdff1d\" class=\"has-inline-color\"><strong>COURTAGE EN CREDIT IMMOBILIER <\/strong><\/mark><\/p>\n\n\n\n<div style=\"height:20px\" aria-hidden=\"true\" class=\"wp-block-spacer\"><\/div>\n\n\n\n<p><strong>Bruno Charier<\/strong> Meilleurtaux Nantes Viarme, Carquefou et Orvault.  Partenaire historique de l&rsquo;agence,  il validera avec vous la faisabilit\u00e9 de votre dossier de pr\u00eat et cherchera pour vous les meilleures conditions financi\u00e8res. \u00c9tude par t\u00e9l\u00e9phone ou en rendez-vous physique sans engagement et sans frais. T\u00e9l\u00e9phone 06 23 06 52 64. <\/p>\n\n\n\n<div style=\"height:62px\" aria-hidden=\"true\" class=\"wp-block-spacer\"><\/div>\n\n\n\n<h2 class=\"wp-block-heading has-large-font-size\"><mark style=\"background-color:#fdff1d\" class=\"has-inline-color\">EXPERTISE-COMPTABLE<\/mark><\/h2>\n\n\n\n<div style=\"height:20px\" aria-hidden=\"true\" class=\"wp-block-spacer\"><\/div>\n\n\n\n<p><strong>J\u00e9r\u00e9my LEBLOT <\/strong>: Cabinet LEBOT 31 Rue du Bignon 44840 Les Sorini\u00e8res. T\u00e9l. 02 52 59 47 10.<\/p>\n\n\n\n<div style=\"height:30px\" aria-hidden=\"true\" class=\"wp-block-spacer\"><\/div>\n\n\n\n<p><strong>Cabinet SECORA :<\/strong> Charlie Tricot 385 Route de Vannes 44800 Saint Herblain. T\u00e9l. 02 28 01 17 30.<\/p>\n\n\n\n<div style=\"height:60px\" aria-hidden=\"true\" class=\"wp-block-spacer\"><\/div>\n\n\n\n<div style=\"height:10px\" aria-hidden=\"true\" class=\"wp-block-spacer\"><\/div>\n\n\n\n<h2 class=\"wp-block-heading has-large-font-size\"><mark style=\"background-color:#fdff1d\" class=\"has-inline-color\">GESTION LOCATIVE<\/mark><\/h2>\n\n\n\n<div style=\"height:29px\" aria-hidden=\"true\" class=\"wp-block-spacer\"><\/div>\n\n\n\n<p>Ces deux partenaires, membres des Agences R\u00e9unies de l&rsquo;Ouest,  s&rsquo;occuperont pour vous de la partie administrative (encaissement des loyer, d\u00e9clarations fiscales&#8230;) et gestion des travaux.  Nous g\u00e9rons pour vous la partie commerciale (\u00e0 chaque d\u00e9part, nous recherchons un nouveau locataire).<\/p>\n\n\n\n<div style=\"height:20px\" aria-hidden=\"true\" class=\"wp-block-spacer\"><\/div>\n\n\n\n<p><strong>Cabinet NICOLAS<\/strong> &#8211; Sylvain Villanueva 217 Rue Paul Bellamy 44000 Nantes &#8211; T\u00e9l\u00e9phone 02 40 59 10 77.<\/p>\n\n\n\n<div style=\"height:30px\" aria-hidden=\"true\" class=\"wp-block-spacer\"><\/div>\n\n\n\n<p><strong>Cabinet Yaouanc immobilier <\/strong>: Guillaume Yaouanc 37 Rue F\u00e9lix Faure 44000 Nantes &#8211; T\u00e9l\u00e9phone 02 40 02 12 43 <\/p>\n\n\n\n<div style=\"height:54px\" aria-hidden=\"true\" class=\"wp-block-spacer\"><\/div>\n\n\n\n<h2 class=\"wp-block-heading has-large-font-size\"><mark style=\"background-color:#fdff1d\" class=\"has-inline-color\">NOTRE SERVICE LOCATION<\/mark><\/h2>\n\n\n\n<div style=\"height:20px\" aria-hidden=\"true\" class=\"wp-block-spacer\"><\/div>\n\n\n\n<p>Nous vous accompagnons pour vous trouver votre prochain locataire. Nous pr\u00e9parons et diffusons l&rsquo;annonce sur les sites, organisons les visites de  votre bien, s\u00e9lectionnons les dossiers, r\u00e9digeons le bail et organisons l&rsquo;\u00e9tat des lieux. Contactez nous au 02 40 93 98 30.<\/p>\n\n\n\n<div style=\"height:60px\" aria-hidden=\"true\" class=\"wp-block-spacer\"><\/div>\n\n\n\n<h2 class=\"wp-block-heading has-large-font-size\"><mark style=\"background-color:#fdff1d\" class=\"has-inline-color\">DESIGN &amp; DECORATION D&rsquo;INTERIEUR<\/mark><\/h2>\n\n\n\n<div style=\"height:20px\" aria-hidden=\"true\" class=\"wp-block-spacer\"><\/div>\n\n\n\n<p><strong>STUDIO MADAM<\/strong> : C\u00e9cile ADAM &#8211; 06 47 01 88 78  <a href=\"mailto:cecile@legout-studio.fr\">cecile@agence-madam.com<\/a> &#8211; NANTES<\/p>\n\n\n\n<div style=\"height:60px\" aria-hidden=\"true\" class=\"wp-block-spacer\"><\/div>\n\n\n\n<h2 class=\"wp-block-heading has-large-font-size\"><mark style=\"background-color:#fdff1d\" class=\"has-inline-color\">VISITE VIRTUELLE<\/mark><\/h2>\n\n\n\n<div style=\"height:20px\" aria-hidden=\"true\" class=\"wp-block-spacer\"><\/div>\n\n\n\n<p><strong><em>NOUS VOUS OFFRONS LA VISITE VIRTUELLE <\/em><\/strong>de votre appartement afin d&rsquo;am\u00e9liorer la communication sur les sites d&rsquo;annonces. Vous \u00e9viterez des visites inutiles et gagnerez du temps.<\/p>\n\n\n\n<div style=\"height:10px\" aria-hidden=\"true\" class=\"wp-block-spacer\"><\/div>\n\n\n\n<div class=\"wp-block-buttons is-content-justification-center is-layout-flex wp-container-core-buttons-is-layout-a89b3969 wp-block-buttons-is-layout-flex\">\n<div class=\"wp-block-button is-style-outline is-style-outline--1\"><a class=\"wp-block-button__link wp-element-button\" href=\"https:\/\/victoretrichardpro.fr\/?page_id=1692\" style=\"border-width:2px;border-radius:20px\"><strong>+ d&rsquo;informations<\/strong> <\/a><\/div>\n<\/div>\n\n\n\n<div style=\"height:60px\" aria-hidden=\"true\" class=\"wp-block-spacer\"><\/div>\n\n\n\n<p><mark style=\"background-color:#fdff1d\" class=\"has-inline-color\"><strong>PHOTOGRAPHIES  <\/strong><\/mark><\/p>\n\n\n\n<div style=\"height:20px\" aria-hidden=\"true\" class=\"wp-block-spacer\"><\/div>\n\n\n\n<p>Nous pouvons aussi vous aider pour les <strong><em>PHOTOGRAPHIES D&rsquo;ANNONCES<\/em> <\/strong>et pouvons soit les r\u00e9aliser pour vous sans frais soit vous mettre en relation avec notre partenaire photographe professionnel (co\u00fbt 144 euros TTC).<\/p>\n\n\n\n<div style=\"height:10px\" aria-hidden=\"true\" class=\"wp-block-spacer\"><\/div>\n\n\n\n<div class=\"wp-block-buttons is-content-justification-center is-layout-flex wp-container-core-buttons-is-layout-a89b3969 wp-block-buttons-is-layout-flex\">\n<div class=\"wp-block-button has-custom-width wp-block-button__width-75 is-style-outline is-style-outline--2\"><a class=\"wp-block-button__link has-primary-color has-text-color has-link-color has-medium-font-size has-custom-font-size wp-element-button\" href=\"https:\/\/www.instagram.com\/victoretrichard?igsh=MXQ3dHZtdjlnNjFkMw==\" style=\"border-width:2px;border-radius:20px\"><strong>Consultez nos photos sur Instagram <\/strong><\/a><\/div>\n<\/div>\n\n\n\n<div style=\"height:51px\" aria-hidden=\"true\" class=\"wp-block-spacer\"><\/div>\n\n\n\n<div style=\"height:40px\" aria-hidden=\"true\" class=\"wp-block-spacer\"><\/div>\n\n\n\n<p><\/p>\n","protected":false},"excerpt":{"rendered":"<p>Vous venez d&rsquo;acheter un appartement ou une maison dans un but locatif ou avez un projet d&rsquo;investissement ? Nous avons pr\u00e9vu une offre compl\u00e8te de service pour vous faciliter ce projet et anticiper toutes les questions techniques, fiscales, commerciales et adminstratives \u00e0 venir. Contactez notre (ou nos) partenaire(s) sp\u00e9cialiste(s) de l&rsquo;immobilier locatif en fonction de [&hellip;]<\/p>\n","protected":false},"author":1,"featured_media":0,"parent":0,"menu_order":0,"comment_status":"closed","ping_status":"closed","template":"","meta":{"footnotes":""},"class_list":["post-1610","page","type-page","status-publish","hentry"],"_links":{"self":[{"href":"https:\/\/victoretrichardpro.fr\/index.php?rest_route=\/wp\/v2\/pages\/1610","targetHints":{"allow":["GET"]}}],"collection":[{"href":"https:\/\/victoretrichardpro.fr\/index.php?rest_route=\/wp\/v2\/pages"}],"about":[{"href":"https:\/\/victoretrichardpro.fr\/index.php?rest_route=\/wp\/v2\/types\/page"}],"author":[{"embeddable":true,"href":"https:\/\/victoretrichardpro.fr\/index.php?rest_route=\/wp\/v2\/users\/1"}],"replies":[{"embeddable":true,"href":"https:\/\/victoretrichardpro.fr\/index.php?rest_route=%2Fwp%2Fv2%2Fcomments&post=1610"}],"version-history":[{"count":44,"href":"https:\/\/victoretrichardpro.fr\/index.php?rest_route=\/wp\/v2\/pages\/1610\/revisions"}],"predecessor-version":[{"id":2185,"href":"https:\/\/victoretrichardpro.fr\/index.php?rest_route=\/wp\/v2\/pages\/1610\/revisions\/2185"}],"wp:attachment":[{"href":"https:\/\/victoretrichardpro.fr\/index.php?rest_route=%2Fwp%2Fv2%2Fmedia&parent=1610"}],"curies":[{"name":"wp","href":"https:\/\/api.w.org\/{rel}","templated":true}]}}